{"id":158,"date":"2025-12-15T18:12:44","date_gmt":"2025-12-15T18:12:44","guid":{"rendered":"https:\/\/jtconsultores.com.mx\/wordpress\/?page_id=158"},"modified":"2025-12-15T18:12:44","modified_gmt":"2025-12-15T18:12:44","slug":"auditoria","status":"publish","type":"page","link":"https:\/\/jtconsultores.com.mx\/index.php\/auditoria\/","title":{"rendered":"Auditor\u00eda"},"content":{"rendered":"\n<h3 class=\"wp-block-heading\">Auditor\u00eda<\/h3>\n\n\n\n<p>El \u00e1rea de auditor\u00eda cuenta con las capacidades t\u00e9cnicas y profesionales que le permitan realizar auditor\u00edas tanto financieras, operacionales y fiscales especializ\u00e1ndose en realizar estas auditor\u00edas a las empresas medianas y peque\u00f1as.<\/p>\n\n\n\n<p>La firma cuenta con Contadores P\u00fablicos Registrados y autorizados por las autoridades fiscales mexicanas.<\/p>\n","protected":false},"excerpt":{"rendered":"<p>Auditor\u00eda El \u00e1rea de auditor\u00eda cuenta con las capacidades t\u00e9cnicas y profesionales que le permitan realizar auditor\u00edas tanto financieras, operacionales y fiscales especializ\u00e1ndose en realizar estas auditor\u00edas a las empresas medianas y peque\u00f1as. La firma cuenta con Contadores P\u00fablicos Registrados y autorizados por las autoridades fiscales mexicanas.<\/p>\n","protected":false},"author":1,"featured_media":0,"parent":0,"menu_order":0,"comment_status":"closed","ping_status":"closed","template":"","meta":{"footnotes":""},"class_list":["post-158","page","type-page","status-publish","hentry"],"_links":{"self":[{"href":"https:\/\/jtconsultores.com.mx\/index.php\/wp-json\/wp\/v2\/pages\/158","targetHints":{"allow":["GET"]}}],"collection":[{"href":"https:\/\/jtconsultores.com.mx\/index.php\/wp-json\/wp\/v2\/pages"}],"about":[{"href":"https:\/\/jtconsultores.com.mx\/index.php\/wp-json\/wp\/v2\/types\/page"}],"author":[{"embeddable":true,"href":"https:\/\/jtconsultores.com.mx\/index.php\/wp-json\/wp\/v2\/users\/1"}],"replies":[{"embeddable":true,"href":"https:\/\/jtconsultores.com.mx\/index.php\/wp-json\/wp\/v2\/comments?post=158"}],"version-history":[{"count":1,"href":"https:\/\/jtconsultores.com.mx\/index.php\/wp-json\/wp\/v2\/pages\/158\/revisions"}],"predecessor-version":[{"id":159,"href":"https:\/\/jtconsultores.com.mx\/index.php\/wp-json\/wp\/v2\/pages\/158\/revisions\/159"}],"wp:attachment":[{"href":"https:\/\/jtconsultores.com.mx\/index.php\/wp-json\/wp\/v2\/media?parent=158"}],"curies":[{"name":"wp","href":"https:\/\/api.w.org\/{rel}","templated":true}]}}