{"id":146,"date":"2025-12-15T18:02:06","date_gmt":"2025-12-15T18:02:06","guid":{"rendered":"https:\/\/jtconsultores.com.mx\/wordpress\/?page_id=146"},"modified":"2025-12-15T18:02:06","modified_gmt":"2025-12-15T18:02:06","slug":"estudios-para-financiamiento","status":"publish","type":"page","link":"https:\/\/jtconsultores.com.mx\/index.php\/estudios-para-financiamiento\/","title":{"rendered":"Estudios Para financiamiento"},"content":{"rendered":"\n<p>Este servicio desarrollado por nuestra firma pretende apoyar a las empresas para la obtenci\u00f3n de financiamientos bancarios y de otras instituciones de credito, pero tambi\u00e9n particulares a trav\u00e9s de asociaciones como JOIN VENTURE, PARTNERSHIP, Asociaciones en participaci\u00f3n, entre otros.<\/p>\n\n\n\n<p>Para conseguir estos fines, usamos distintas herramientas financieras tales como la elaboraci\u00f3n de estados financieros, preparaci\u00f3n de flujos de efectivo (CASH FLOW), proyecciones financieras y estados financieros proforma.<\/p>\n","protected":false},"excerpt":{"rendered":"<p>Este servicio desarrollado por nuestra firma pretende apoyar a las empresas para la obtenci\u00f3n de financiamientos bancarios y de otras instituciones de credito, pero tambi\u00e9n particulares a trav\u00e9s de asociaciones como JOIN VENTURE, PARTNERSHIP, Asociaciones en participaci\u00f3n, entre otros. Para conseguir estos fines, usamos distintas herramientas financieras tales como la elaboraci\u00f3n de estados financieros, preparaci\u00f3n [&hellip;]<\/p>\n","protected":false},"author":1,"featured_media":0,"parent":0,"menu_order":0,"comment_status":"closed","ping_status":"closed","template":"","meta":{"footnotes":""},"class_list":["post-146","page","type-page","status-publish","hentry"],"_links":{"self":[{"href":"https:\/\/jtconsultores.com.mx\/index.php\/wp-json\/wp\/v2\/pages\/146","targetHints":{"allow":["GET"]}}],"collection":[{"href":"https:\/\/jtconsultores.com.mx\/index.php\/wp-json\/wp\/v2\/pages"}],"about":[{"href":"https:\/\/jtconsultores.com.mx\/index.php\/wp-json\/wp\/v2\/types\/page"}],"author":[{"embeddable":true,"href":"https:\/\/jtconsultores.com.mx\/index.php\/wp-json\/wp\/v2\/users\/1"}],"replies":[{"embeddable":true,"href":"https:\/\/jtconsultores.com.mx\/index.php\/wp-json\/wp\/v2\/comments?post=146"}],"version-history":[{"count":1,"href":"https:\/\/jtconsultores.com.mx\/index.php\/wp-json\/wp\/v2\/pages\/146\/revisions"}],"predecessor-version":[{"id":147,"href":"https:\/\/jtconsultores.com.mx\/index.php\/wp-json\/wp\/v2\/pages\/146\/revisions\/147"}],"wp:attachment":[{"href":"https:\/\/jtconsultores.com.mx\/index.php\/wp-json\/wp\/v2\/media?parent=146"}],"curies":[{"name":"wp","href":"https:\/\/api.w.org\/{rel}","templated":true}]}}